{"id":39,"date":"2021-05-13T16:06:00","date_gmt":"2021-05-13T14:06:00","guid":{"rendered":"https:\/\/38ppp.de\/usamoritz\/?page_id=39"},"modified":"2021-08-15T01:27:50","modified_gmt":"2021-08-14T23:27:50","slug":"ppp","status":"publish","type":"page","link":"https:\/\/38ppp.de\/moritz\/ppp\/","title":{"rendered":"PPP"},"content":{"rendered":"\n<figure class=\"wp-block-image size-full\"><img loading=\"lazy\" decoding=\"async\" width=\"739\" height=\"732\" src=\"https:\/\/38ppp.de\/moritz\/wp-content\/uploads\/sites\/18\/2021\/08\/PPP.jpg\" alt=\"\" class=\"wp-image-580\" srcset=\"https:\/\/38ppp.de\/moritz\/wp-content\/uploads\/sites\/18\/2021\/08\/PPP.jpg 739w, https:\/\/38ppp.de\/moritz\/wp-content\/uploads\/sites\/18\/2021\/08\/PPP-300x297.jpg 300w, https:\/\/38ppp.de\/moritz\/wp-content\/uploads\/sites\/18\/2021\/08\/PPP-150x150.jpg 150w, https:\/\/38ppp.de\/moritz\/wp-content\/uploads\/sites\/18\/2021\/08\/PPP-100x100.jpg 100w, https:\/\/38ppp.de\/moritz\/wp-content\/uploads\/sites\/18\/2021\/08\/PPP-45x45.jpg 45w\" sizes=\"auto, (max-width: 739px) 100vw, 739px\" \/><\/figure>\n\n\n\n<p>Das Parlamentarische Patenschafts-Programm (kurz PPP) ist ein bilaterales Austauschprogramm des Deutschen Bundestages und des U.S.-Kongresses. Es wurde im Jahr 1983, zum 300.Jahrestag der Einwanderung der ersten deutschen Auswanderer in die USA, ins Leben gerufen. Vor dem Hintergrund der Verbundenheit dieser beiden Nationen durch eine gemeinsame Geschichte und gemeinsame Werte dient es der Zielsetzung, die deutsch-amerikanischen Beziehungen durch pers\u00f6nliche Kontakte zu verbessern und zu vertiefen.<\/p>\n\n\n\n<p>Jede*r Teilnehmer*in lernt das Alltags- und Berufsleben in den USA kennen und erh\u00e4lt daf\u00fcr ein umfassendes Stipendium. W\u00e4hrend des einj\u00e4hrigen Aufenthalts vertritt man Deutschland als Junior-Botschafter in den USA.<\/p>\n\n\n\n<p>F\u00fcr das Programm bewerben kann sich jeder, der zum Zeitpunkt der Ausreise zwischen 18 und 24 Jahre alt ist und eine abgeschlossene Berufsausbildung vorweisen kann. Der Bewerbungsschluss f\u00fcr das 39.Programmjahr 2022\/2023 ist der 10.September 2021. Go for it und werde eine*r meiner Nachfolger*innen!<\/p>\n\n\n\n<p><em><a href=\"http:\/\/usa-ppp.de\" target=\"_blank\" rel=\"noreferrer noopener\"><strong>Die genauen Teilnahmevoraussetzungen und alles weitere zur Bewerbung findet ihr hier.<\/strong><\/a><\/em><br>Auf den Seiten des <a href=\"http:\/\/bundestag.de\/ppp\" target=\"_blank\" rel=\"noreferrer noopener\">Deutschen Bundestages<\/a> findet ihr die Informationen zudem nochmal zusammengefasst.<\/p>\n\n\n\n<p>Die <a href=\"http:\/\/38ppp.de\" target=\"_blank\" rel=\"noreferrer noopener\">Hauptseite des 38.PPPs<\/a> versorgt euch mit allen Informationen zum diesj\u00e4hrigen Programmjahrgang 2021\/2022. Dort findet ihr die Blogs der Teilnehmer*innen, eine \u00dcbersicht der Platzierungsorte und viele zus\u00e4tzliche Informationen.<\/p>\n\n\n\n<p><\/p>\n","protected":false},"excerpt":{"rendered":"<p>Das Parlamentarische Patenschafts-Programm (kurz PPP) ist ein bilaterales Austauschprogramm des Deutschen Bundestages und des U.S.-Kongresses. Es wurde im Jahr 1983, zum 300.Jahrestag der Einwanderung der ersten deutschen Auswanderer in die USA, ins Leben gerufen. Vor dem Hintergrund der Verbundenheit dieser beiden Nationen durch eine gemeinsame Geschichte und gemeinsame Werte dient es der Zielsetzung, die deutsch-amerikanischen &hellip; <\/p>\n<p class=\"link-more\"><a href=\"https:\/\/38ppp.de\/moritz\/ppp\/\" class=\"more-link\"><span class=\"screen-reader-text\">\u201ePPP\u201c <\/span>weiterlesen<\/a><\/p>\n","protected":false},"author":18,"featured_media":0,"parent":0,"menu_order":0,"comment_status":"closed","ping_status":"closed","template":"","meta":{"_themeisle_gutenberg_block_has_review":false,"footnotes":"","_links_to":"","_links_to_target":""},"class_list":["post-39","page","type-page","status-publish","hentry"],"yoast_head":"<!-- This site is optimized with the Yoast SEO plugin v26.8 - https:\/\/yoast.com\/product\/yoast-seo-wordpress\/ -->\n<title>PPP - Moritz in den USA<\/title>\n<meta name=\"robots\" content=\"index, follow, max-snippet:-1, max-image-preview:large, max-video-preview:-1\" \/>\n<link rel=\"canonical\" href=\"https:\/\/38ppp.de\/moritz\/ppp\/\" \/>\n<meta property=\"og:locale\" content=\"de_DE\" \/>\n<meta property=\"og:type\" content=\"article\" \/>\n<meta property=\"og:title\" content=\"PPP - Moritz in den USA\" \/>\n<meta property=\"og:description\" content=\"Das Parlamentarische Patenschafts-Programm (kurz PPP) ist ein bilaterales Austauschprogramm des Deutschen Bundestages und des U.S.-Kongresses. Es wurde im Jahr 1983, zum 300.Jahrestag der Einwanderung der ersten deutschen Auswanderer in die USA, ins Leben gerufen. Vor dem Hintergrund der Verbundenheit dieser beiden Nationen durch eine gemeinsame Geschichte und gemeinsame Werte dient es der Zielsetzung, die deutsch-amerikanischen &hellip; \u201ePPP\u201c weiterlesen\" \/>\n<meta property=\"og:url\" content=\"https:\/\/38ppp.de\/moritz\/ppp\/\" \/>\n<meta property=\"og:site_name\" content=\"Moritz in den USA\" \/>\n<meta property=\"article:modified_time\" content=\"2021-08-14T23:27:50+00:00\" \/>\n<meta property=\"og:image\" content=\"https:\/\/38ppp.de\/moritz\/wp-content\/uploads\/sites\/18\/2021\/08\/PPP.jpg\" \/>\n<meta name=\"twitter:card\" content=\"summary_large_image\" \/>\n<meta name=\"twitter:label1\" content=\"Gesch\u00e4tzte Lesezeit\" \/>\n\t<meta name=\"twitter:data1\" content=\"2\u00a0Minuten\" \/>\n<script type=\"application\/ld+json\" class=\"yoast-schema-graph\">{\"@context\":\"https:\/\/schema.org\",\"@graph\":[{\"@type\":\"WebPage\",\"@id\":\"https:\/\/38ppp.de\/moritz\/ppp\/\",\"url\":\"https:\/\/38ppp.de\/moritz\/ppp\/\",\"name\":\"PPP - Moritz in den USA\",\"isPartOf\":{\"@id\":\"https:\/\/38ppp.de\/moritz\/#website\"},\"primaryImageOfPage\":{\"@id\":\"https:\/\/38ppp.de\/moritz\/ppp\/#primaryimage\"},\"image\":{\"@id\":\"https:\/\/38ppp.de\/moritz\/ppp\/#primaryimage\"},\"thumbnailUrl\":\"https:\/\/38ppp.de\/moritz\/wp-content\/uploads\/sites\/18\/2021\/08\/PPP.jpg\",\"datePublished\":\"2021-05-13T14:06:00+00:00\",\"dateModified\":\"2021-08-14T23:27:50+00:00\",\"breadcrumb\":{\"@id\":\"https:\/\/38ppp.de\/moritz\/ppp\/#breadcrumb\"},\"inLanguage\":\"de\",\"potentialAction\":[{\"@type\":\"ReadAction\",\"target\":[\"https:\/\/38ppp.de\/moritz\/ppp\/\"]}]},{\"@type\":\"ImageObject\",\"inLanguage\":\"de\",\"@id\":\"https:\/\/38ppp.de\/moritz\/ppp\/#primaryimage\",\"url\":\"https:\/\/38ppp.de\/moritz\/wp-content\/uploads\/sites\/18\/2021\/08\/PPP.jpg\",\"contentUrl\":\"https:\/\/38ppp.de\/moritz\/wp-content\/uploads\/sites\/18\/2021\/08\/PPP.jpg\",\"width\":739,\"height\":732},{\"@type\":\"BreadcrumbList\",\"@id\":\"https:\/\/38ppp.de\/moritz\/ppp\/#breadcrumb\",\"itemListElement\":[{\"@type\":\"ListItem\",\"position\":1,\"name\":\"Startseite\",\"item\":\"https:\/\/38ppp.de\/moritz\/\"},{\"@type\":\"ListItem\",\"position\":2,\"name\":\"PPP\"}]},{\"@type\":\"WebSite\",\"@id\":\"https:\/\/38ppp.de\/moritz\/#website\",\"url\":\"https:\/\/38ppp.de\/moritz\/\",\"name\":\"Moritz in den USA\",\"description\":\"Teilnehmer aus dem Wahlkreis 237 Bayreuth\",\"potentialAction\":[{\"@type\":\"SearchAction\",\"target\":{\"@type\":\"EntryPoint\",\"urlTemplate\":\"https:\/\/38ppp.de\/moritz\/?s={search_term_string}\"},\"query-input\":{\"@type\":\"PropertyValueSpecification\",\"valueRequired\":true,\"valueName\":\"search_term_string\"}}],\"inLanguage\":\"de\"}]}<\/script>\n<!-- \/ Yoast SEO plugin. -->","yoast_head_json":{"title":"PPP - Moritz in den USA","robots":{"index":"index","follow":"follow","max-snippet":"max-snippet:-1","max-image-preview":"max-image-preview:large","max-video-preview":"max-video-preview:-1"},"canonical":"https:\/\/38ppp.de\/moritz\/ppp\/","og_locale":"de_DE","og_type":"article","og_title":"PPP - Moritz in den USA","og_description":"Das Parlamentarische Patenschafts-Programm (kurz PPP) ist ein bilaterales Austauschprogramm des Deutschen Bundestages und des U.S.-Kongresses. Es wurde im Jahr 1983, zum 300.Jahrestag der Einwanderung der ersten deutschen Auswanderer in die USA, ins Leben gerufen. Vor dem Hintergrund der Verbundenheit dieser beiden Nationen durch eine gemeinsame Geschichte und gemeinsame Werte dient es der Zielsetzung, die deutsch-amerikanischen &hellip; \u201ePPP\u201c weiterlesen","og_url":"https:\/\/38ppp.de\/moritz\/ppp\/","og_site_name":"Moritz in den USA","article_modified_time":"2021-08-14T23:27:50+00:00","og_image":[{"url":"https:\/\/38ppp.de\/moritz\/wp-content\/uploads\/sites\/18\/2021\/08\/PPP.jpg","type":"","width":"","height":""}],"twitter_card":"summary_large_image","twitter_misc":{"Gesch\u00e4tzte Lesezeit":"2\u00a0Minuten"},"schema":{"@context":"https:\/\/schema.org","@graph":[{"@type":"WebPage","@id":"https:\/\/38ppp.de\/moritz\/ppp\/","url":"https:\/\/38ppp.de\/moritz\/ppp\/","name":"PPP - Moritz in den USA","isPartOf":{"@id":"https:\/\/38ppp.de\/moritz\/#website"},"primaryImageOfPage":{"@id":"https:\/\/38ppp.de\/moritz\/ppp\/#primaryimage"},"image":{"@id":"https:\/\/38ppp.de\/moritz\/ppp\/#primaryimage"},"thumbnailUrl":"https:\/\/38ppp.de\/moritz\/wp-content\/uploads\/sites\/18\/2021\/08\/PPP.jpg","datePublished":"2021-05-13T14:06:00+00:00","dateModified":"2021-08-14T23:27:50+00:00","breadcrumb":{"@id":"https:\/\/38ppp.de\/moritz\/ppp\/#breadcrumb"},"inLanguage":"de","potentialAction":[{"@type":"ReadAction","target":["https:\/\/38ppp.de\/moritz\/ppp\/"]}]},{"@type":"ImageObject","inLanguage":"de","@id":"https:\/\/38ppp.de\/moritz\/ppp\/#primaryimage","url":"https:\/\/38ppp.de\/moritz\/wp-content\/uploads\/sites\/18\/2021\/08\/PPP.jpg","contentUrl":"https:\/\/38ppp.de\/moritz\/wp-content\/uploads\/sites\/18\/2021\/08\/PPP.jpg","width":739,"height":732},{"@type":"BreadcrumbList","@id":"https:\/\/38ppp.de\/moritz\/ppp\/#breadcrumb","itemListElement":[{"@type":"ListItem","position":1,"name":"Startseite","item":"https:\/\/38ppp.de\/moritz\/"},{"@type":"ListItem","position":2,"name":"PPP"}]},{"@type":"WebSite","@id":"https:\/\/38ppp.de\/moritz\/#website","url":"https:\/\/38ppp.de\/moritz\/","name":"Moritz in den USA","description":"Teilnehmer aus dem Wahlkreis 237 Bayreuth","potentialAction":[{"@type":"SearchAction","target":{"@type":"EntryPoint","urlTemplate":"https:\/\/38ppp.de\/moritz\/?s={search_term_string}"},"query-input":{"@type":"PropertyValueSpecification","valueRequired":true,"valueName":"search_term_string"}}],"inLanguage":"de"}]}},"_links":{"self":[{"href":"https:\/\/38ppp.de\/moritz\/wp-json\/wp\/v2\/pages\/39","targetHints":{"allow":["GET"]}}],"collection":[{"href":"https:\/\/38ppp.de\/moritz\/wp-json\/wp\/v2\/pages"}],"about":[{"href":"https:\/\/38ppp.de\/moritz\/wp-json\/wp\/v2\/types\/page"}],"author":[{"embeddable":true,"href":"https:\/\/38ppp.de\/moritz\/wp-json\/wp\/v2\/users\/18"}],"replies":[{"embeddable":true,"href":"https:\/\/38ppp.de\/moritz\/wp-json\/wp\/v2\/comments?post=39"}],"version-history":[{"count":11,"href":"https:\/\/38ppp.de\/moritz\/wp-json\/wp\/v2\/pages\/39\/revisions"}],"predecessor-version":[{"id":641,"href":"https:\/\/38ppp.de\/moritz\/wp-json\/wp\/v2\/pages\/39\/revisions\/641"}],"wp:attachment":[{"href":"https:\/\/38ppp.de\/moritz\/wp-json\/wp\/v2\/media?parent=39"}],"curies":[{"name":"wp","href":"https:\/\/api.w.org\/{rel}","templated":true}]}}