{"id":540,"date":"2022-01-31T00:11:08","date_gmt":"2022-01-30T23:11:08","guid":{"rendered":"https:\/\/38ppp.de\/charlotte\/?page_id=540"},"modified":"2022-07-09T20:40:54","modified_gmt":"2022-07-09T18:40:54","slug":"travel","status":"publish","type":"page","link":"https:\/\/38ppp.de\/charlotte\/travel\/","title":{"rendered":"travel"},"content":{"rendered":"<p><\/p>\n<p style=\"margin: 0cm 0cm 7.5pt;font-size: medium;font-family: 'Times New Roman', serif;color: #000000;text-align: center\">Hier k\u00f6nnt ihr sehen, welche Orte ich bisher in den USA gesehen habe!<\/p>\n<p><div class=\"map_wrapper\" id=\"map_wrapper_535\">\n<div class=\"map_box\" style=\"max-width:1000px\">\n<div class=\"map_aspect_ratio\" style=\"padding-top:45%\" data-padding-top=\"45%\" data-padding-top-mobile=\"0%\">\n<div class=\"map_container\">\n<div class=\"map_render map_loading\" id=\"map_535\"><\/div>\n<\/div>\n<\/div>\n<\/div>\n<\/div><br \/><\/p>\n<p><\/p>\n<p style=\"text-align: center\">\u00a0<\/p>\n<p style=\"margin: 0cm 0cm 7.5pt;text-align: center\">Die USA sind einfach so unterschiedlich von Bergen, \u00fcber Meer bis hin zu W\u00fcste gibt es eigentlich alles was das Herz begehrt. Dankbar blicke ich auf alle Orte zur\u00fcck, die ich in den vergangenen 11 Monaten sehen durfte. Insgesamt habe ich es geschafft 21\u00a0Staaten\u00a0zu besuchen, also fast die H\u00e4lfte. (Man muss dazu sagen, ich z\u00e4hle nur Staaten in denen ich mindestens einen Tag verbracht habe.) Ich hoffe das ich irgendwann die M\u00f6glichkeit bekomme auch noch den Rest der USA kennenzulernen.<\/p>\n<p style=\"text-align: center\">\u00a0<\/p>\n<p><\/p>","protected":false},"excerpt":{"rendered":"<p>Hier k\u00f6nnt ihr sehen, welche Orte ich bisher in den USA gesehen habe! \u00a0 Die USA sind einfach so unterschiedlich von Bergen, \u00fcber Meer bis hin zu W\u00fcste gibt es eigentlich alles was das Herz begehrt. Dankbar blicke ich auf alle Orte zur\u00fcck, die ich in den vergangenen 11 Monaten sehen durfte. Insgesamt habe ich&hellip;<\/p>\n","protected":false},"author":43,"featured_media":0,"parent":0,"menu_order":0,"comment_status":"closed","ping_status":"closed","template":"","meta":{"_themeisle_gutenberg_block_has_review":false,"footnotes":"","_links_to":"","_links_to_target":""},"class_list":["post-540","page","type-page","status-publish","hentry"],"yoast_head":"<!-- This site is optimized with the Yoast SEO plugin v26.8 - https:\/\/yoast.com\/product\/yoast-seo-wordpress\/ -->\n<title>travel - Charlotte&#039;s Journey<\/title>\n<meta name=\"robots\" content=\"index, follow, max-snippet:-1, max-image-preview:large, max-video-preview:-1\" \/>\n<link rel=\"canonical\" href=\"https:\/\/38ppp.de\/charlotte\/travel\/\" \/>\n<meta property=\"og:locale\" content=\"de_DE\" \/>\n<meta property=\"og:type\" content=\"article\" \/>\n<meta property=\"og:title\" content=\"travel - Charlotte&#039;s Journey\" \/>\n<meta property=\"og:description\" content=\"Hier k\u00f6nnt ihr sehen, welche Orte ich bisher in den USA gesehen habe! \u00a0 Die USA sind einfach so unterschiedlich von Bergen, \u00fcber Meer bis hin zu W\u00fcste gibt es eigentlich alles was das Herz begehrt. Dankbar blicke ich auf alle Orte zur\u00fcck, die ich in den vergangenen 11 Monaten sehen durfte. Insgesamt habe ich&hellip;\" \/>\n<meta property=\"og:url\" content=\"https:\/\/38ppp.de\/charlotte\/travel\/\" \/>\n<meta property=\"og:site_name\" content=\"Charlotte&#039;s Journey\" \/>\n<meta property=\"article:modified_time\" content=\"2022-07-09T18:40:54+00:00\" \/>\n<meta name=\"twitter:card\" content=\"summary_large_image\" \/>\n<meta name=\"twitter:label1\" content=\"Gesch\u00e4tzte Lesezeit\" \/>\n\t<meta name=\"twitter:data1\" content=\"1\u00a0Minute\" \/>\n<script type=\"application\/ld+json\" class=\"yoast-schema-graph\">{\"@context\":\"https:\/\/schema.org\",\"@graph\":[{\"@type\":\"WebPage\",\"@id\":\"https:\/\/38ppp.de\/charlotte\/travel\/\",\"url\":\"https:\/\/38ppp.de\/charlotte\/travel\/\",\"name\":\"travel - Charlotte's Journey\",\"isPartOf\":{\"@id\":\"https:\/\/38ppp.de\/charlotte\/#website\"},\"datePublished\":\"2022-01-30T23:11:08+00:00\",\"dateModified\":\"2022-07-09T18:40:54+00:00\",\"breadcrumb\":{\"@id\":\"https:\/\/38ppp.de\/charlotte\/travel\/#breadcrumb\"},\"inLanguage\":\"de\",\"potentialAction\":[{\"@type\":\"ReadAction\",\"target\":[\"https:\/\/38ppp.de\/charlotte\/travel\/\"]}]},{\"@type\":\"BreadcrumbList\",\"@id\":\"https:\/\/38ppp.de\/charlotte\/travel\/#breadcrumb\",\"itemListElement\":[{\"@type\":\"ListItem\",\"position\":1,\"name\":\"Startseite\",\"item\":\"https:\/\/38ppp.de\/charlotte\/\"},{\"@type\":\"ListItem\",\"position\":2,\"name\":\"travel\"}]},{\"@type\":\"WebSite\",\"@id\":\"https:\/\/38ppp.de\/charlotte\/#website\",\"url\":\"https:\/\/38ppp.de\/charlotte\/\",\"name\":\"Charlotte's Journey\",\"description\":\"start your journey now\",\"potentialAction\":[{\"@type\":\"SearchAction\",\"target\":{\"@type\":\"EntryPoint\",\"urlTemplate\":\"https:\/\/38ppp.de\/charlotte\/?s={search_term_string}\"},\"query-input\":{\"@type\":\"PropertyValueSpecification\",\"valueRequired\":true,\"valueName\":\"search_term_string\"}}],\"inLanguage\":\"de\"}]}<\/script>\n<!-- \/ Yoast SEO plugin. -->","yoast_head_json":{"title":"travel - Charlotte's Journey","robots":{"index":"index","follow":"follow","max-snippet":"max-snippet:-1","max-image-preview":"max-image-preview:large","max-video-preview":"max-video-preview:-1"},"canonical":"https:\/\/38ppp.de\/charlotte\/travel\/","og_locale":"de_DE","og_type":"article","og_title":"travel - Charlotte's Journey","og_description":"Hier k\u00f6nnt ihr sehen, welche Orte ich bisher in den USA gesehen habe! \u00a0 Die USA sind einfach so unterschiedlich von Bergen, \u00fcber Meer bis hin zu W\u00fcste gibt es eigentlich alles was das Herz begehrt. Dankbar blicke ich auf alle Orte zur\u00fcck, die ich in den vergangenen 11 Monaten sehen durfte. Insgesamt habe ich&hellip;","og_url":"https:\/\/38ppp.de\/charlotte\/travel\/","og_site_name":"Charlotte's Journey","article_modified_time":"2022-07-09T18:40:54+00:00","twitter_card":"summary_large_image","twitter_misc":{"Gesch\u00e4tzte Lesezeit":"1\u00a0Minute"},"schema":{"@context":"https:\/\/schema.org","@graph":[{"@type":"WebPage","@id":"https:\/\/38ppp.de\/charlotte\/travel\/","url":"https:\/\/38ppp.de\/charlotte\/travel\/","name":"travel - Charlotte's Journey","isPartOf":{"@id":"https:\/\/38ppp.de\/charlotte\/#website"},"datePublished":"2022-01-30T23:11:08+00:00","dateModified":"2022-07-09T18:40:54+00:00","breadcrumb":{"@id":"https:\/\/38ppp.de\/charlotte\/travel\/#breadcrumb"},"inLanguage":"de","potentialAction":[{"@type":"ReadAction","target":["https:\/\/38ppp.de\/charlotte\/travel\/"]}]},{"@type":"BreadcrumbList","@id":"https:\/\/38ppp.de\/charlotte\/travel\/#breadcrumb","itemListElement":[{"@type":"ListItem","position":1,"name":"Startseite","item":"https:\/\/38ppp.de\/charlotte\/"},{"@type":"ListItem","position":2,"name":"travel"}]},{"@type":"WebSite","@id":"https:\/\/38ppp.de\/charlotte\/#website","url":"https:\/\/38ppp.de\/charlotte\/","name":"Charlotte's Journey","description":"start your journey now","potentialAction":[{"@type":"SearchAction","target":{"@type":"EntryPoint","urlTemplate":"https:\/\/38ppp.de\/charlotte\/?s={search_term_string}"},"query-input":{"@type":"PropertyValueSpecification","valueRequired":true,"valueName":"search_term_string"}}],"inLanguage":"de"}]}},"_links":{"self":[{"href":"https:\/\/38ppp.de\/charlotte\/wp-json\/wp\/v2\/pages\/540","targetHints":{"allow":["GET"]}}],"collection":[{"href":"https:\/\/38ppp.de\/charlotte\/wp-json\/wp\/v2\/pages"}],"about":[{"href":"https:\/\/38ppp.de\/charlotte\/wp-json\/wp\/v2\/types\/page"}],"author":[{"embeddable":true,"href":"https:\/\/38ppp.de\/charlotte\/wp-json\/wp\/v2\/users\/43"}],"replies":[{"embeddable":true,"href":"https:\/\/38ppp.de\/charlotte\/wp-json\/wp\/v2\/comments?post=540"}],"version-history":[{"count":152,"href":"https:\/\/38ppp.de\/charlotte\/wp-json\/wp\/v2\/pages\/540\/revisions"}],"predecessor-version":[{"id":1114,"href":"https:\/\/38ppp.de\/charlotte\/wp-json\/wp\/v2\/pages\/540\/revisions\/1114"}],"wp:attachment":[{"href":"https:\/\/38ppp.de\/charlotte\/wp-json\/wp\/v2\/media?parent=540"}],"curies":[{"name":"wp","href":"https:\/\/api.w.org\/{rel}","templated":true}]}}