{"id":2,"date":"2021-05-02T19:44:07","date_gmt":"2021-05-02T17:44:07","guid":{"rendered":"https:\/\/38ppp.de\/challenge\/?page_id=2"},"modified":"2021-08-14T18:44:52","modified_gmt":"2021-08-14T16:44:52","slug":"beispiel-seite","status":"publish","type":"page","link":"https:\/\/38ppp.de\/challenge\/","title":{"rendered":"Home"},"content":{"rendered":"<div class=\"h-blog-title style-209 style-local-100-c11 position-relative h-element\" data-colibri-id=\"100-c11\">\n<div class=\"h-global-transition-all\">\n<h4 class=\"colibri-word-wrap\"><\/h4>\n<\/div>\n<\/div>\n<div class=\"style-210 style-local-100-c12 position-relative h-element\" data-colibri-id=\"100-c12\">\n<div class=\"h-global-transition-all\">\n<div class=\"colibri-post-excerpt\">Hallo zusammen,<\/div>\n<div><\/div>\n<div class=\"colibri-post-excerpt\">hier findet Ihr regelm\u00e4\u00dfig meine Bolg Eintr\u00e4ge ich w\u00fcnsche euch viel Spa\u00df beim Lesen, wen Ihr fragen oder Anregungen habt, wor\u00fcber ich mal schreiben soll, gebt mir gerne eine Info.<\/div>\n<\/div>\n<\/div>\n","protected":false},"excerpt":{"rendered":"<p>Hallo zusammen, hier findet Ihr regelm\u00e4\u00dfig meine Bolg Eintr\u00e4ge ich w\u00fcnsche euch viel Spa\u00df beim Lesen, wen Ihr fragen oder Anregungen habt, wor\u00fcber ich mal schreiben soll, gebt mir gerne eine Info.<\/p>\n","protected":false},"author":15,"featured_media":0,"parent":0,"menu_order":0,"comment_status":"closed","ping_status":"open","template":"","meta":{"_themeisle_gutenberg_block_has_review":false,"footnotes":"","_links_to":"","_links_to_target":""},"class_list":["post-2","page","type-page","status-publish","hentry"],"yoast_head":"<!-- This site is optimized with the Yoast SEO plugin v26.8 - https:\/\/yoast.com\/product\/yoast-seo-wordpress\/ -->\n<title>Home - Amerika Challenge Accepted<\/title>\n<meta name=\"robots\" content=\"index, follow, max-snippet:-1, max-image-preview:large, max-video-preview:-1\" \/>\n<link rel=\"canonical\" href=\"https:\/\/38ppp.de\/challenge\/\" \/>\n<meta property=\"og:locale\" content=\"de_DE\" \/>\n<meta property=\"og:type\" content=\"article\" \/>\n<meta property=\"og:title\" content=\"Home - Amerika Challenge Accepted\" \/>\n<meta property=\"og:description\" content=\"Hallo zusammen, hier findet Ihr regelm\u00e4\u00dfig meine Bolg Eintr\u00e4ge ich w\u00fcnsche euch viel Spa\u00df beim Lesen, wen Ihr fragen oder Anregungen habt, wor\u00fcber ich mal schreiben soll, gebt mir gerne eine Info.\" \/>\n<meta property=\"og:url\" content=\"https:\/\/38ppp.de\/challenge\/\" \/>\n<meta property=\"og:site_name\" content=\"Amerika Challenge Accepted\" \/>\n<meta property=\"article:modified_time\" content=\"2021-08-14T16:44:52+00:00\" \/>\n<meta name=\"twitter:card\" content=\"summary_large_image\" \/>\n<meta name=\"twitter:label1\" content=\"Gesch\u00e4tzte Lesezeit\" \/>\n\t<meta name=\"twitter:data1\" content=\"1\u00a0Minute\" \/>\n<script type=\"application\/ld+json\" class=\"yoast-schema-graph\">{\"@context\":\"https:\/\/schema.org\",\"@graph\":[{\"@type\":\"WebPage\",\"@id\":\"https:\/\/38ppp.de\/challenge\/\",\"url\":\"https:\/\/38ppp.de\/challenge\/\",\"name\":\"Home - Amerika Challenge Accepted\",\"isPartOf\":{\"@id\":\"https:\/\/38ppp.de\/challenge\/#website\"},\"datePublished\":\"2021-05-02T17:44:07+00:00\",\"dateModified\":\"2021-08-14T16:44:52+00:00\",\"breadcrumb\":{\"@id\":\"https:\/\/38ppp.de\/challenge\/#breadcrumb\"},\"inLanguage\":\"de\",\"potentialAction\":[{\"@type\":\"ReadAction\",\"target\":[\"https:\/\/38ppp.de\/challenge\/\"]}]},{\"@type\":\"BreadcrumbList\",\"@id\":\"https:\/\/38ppp.de\/challenge\/#breadcrumb\",\"itemListElement\":[{\"@type\":\"ListItem\",\"position\":1,\"name\":\"Startseite\",\"item\":\"https:\/\/38ppp.de\/challenge\/\"},{\"@type\":\"ListItem\",\"position\":2,\"name\":\"Home\"}]},{\"@type\":\"WebSite\",\"@id\":\"https:\/\/38ppp.de\/challenge\/#website\",\"url\":\"https:\/\/38ppp.de\/challenge\/\",\"name\":\"Amerika Challenge Accepted\",\"description\":\"Eine weitere 38. Parlamentarisches Patenschafts-Programm Websites Website\",\"potentialAction\":[{\"@type\":\"SearchAction\",\"target\":{\"@type\":\"EntryPoint\",\"urlTemplate\":\"https:\/\/38ppp.de\/challenge\/?s={search_term_string}\"},\"query-input\":{\"@type\":\"PropertyValueSpecification\",\"valueRequired\":true,\"valueName\":\"search_term_string\"}}],\"inLanguage\":\"de\"}]}<\/script>\n<!-- \/ Yoast SEO plugin. -->","yoast_head_json":{"title":"Home - Amerika Challenge Accepted","robots":{"index":"index","follow":"follow","max-snippet":"max-snippet:-1","max-image-preview":"max-image-preview:large","max-video-preview":"max-video-preview:-1"},"canonical":"https:\/\/38ppp.de\/challenge\/","og_locale":"de_DE","og_type":"article","og_title":"Home - Amerika Challenge Accepted","og_description":"Hallo zusammen, hier findet Ihr regelm\u00e4\u00dfig meine Bolg Eintr\u00e4ge ich w\u00fcnsche euch viel Spa\u00df beim Lesen, wen Ihr fragen oder Anregungen habt, wor\u00fcber ich mal schreiben soll, gebt mir gerne eine Info.","og_url":"https:\/\/38ppp.de\/challenge\/","og_site_name":"Amerika Challenge Accepted","article_modified_time":"2021-08-14T16:44:52+00:00","twitter_card":"summary_large_image","twitter_misc":{"Gesch\u00e4tzte Lesezeit":"1\u00a0Minute"},"schema":{"@context":"https:\/\/schema.org","@graph":[{"@type":"WebPage","@id":"https:\/\/38ppp.de\/challenge\/","url":"https:\/\/38ppp.de\/challenge\/","name":"Home - Amerika Challenge Accepted","isPartOf":{"@id":"https:\/\/38ppp.de\/challenge\/#website"},"datePublished":"2021-05-02T17:44:07+00:00","dateModified":"2021-08-14T16:44:52+00:00","breadcrumb":{"@id":"https:\/\/38ppp.de\/challenge\/#breadcrumb"},"inLanguage":"de","potentialAction":[{"@type":"ReadAction","target":["https:\/\/38ppp.de\/challenge\/"]}]},{"@type":"BreadcrumbList","@id":"https:\/\/38ppp.de\/challenge\/#breadcrumb","itemListElement":[{"@type":"ListItem","position":1,"name":"Startseite","item":"https:\/\/38ppp.de\/challenge\/"},{"@type":"ListItem","position":2,"name":"Home"}]},{"@type":"WebSite","@id":"https:\/\/38ppp.de\/challenge\/#website","url":"https:\/\/38ppp.de\/challenge\/","name":"Amerika Challenge Accepted","description":"Eine weitere 38. Parlamentarisches Patenschafts-Programm Websites Website","potentialAction":[{"@type":"SearchAction","target":{"@type":"EntryPoint","urlTemplate":"https:\/\/38ppp.de\/challenge\/?s={search_term_string}"},"query-input":{"@type":"PropertyValueSpecification","valueRequired":true,"valueName":"search_term_string"}}],"inLanguage":"de"}]}},"_links":{"self":[{"href":"https:\/\/38ppp.de\/challenge\/wp-json\/wp\/v2\/pages\/2","targetHints":{"allow":["GET"]}}],"collection":[{"href":"https:\/\/38ppp.de\/challenge\/wp-json\/wp\/v2\/pages"}],"about":[{"href":"https:\/\/38ppp.de\/challenge\/wp-json\/wp\/v2\/types\/page"}],"author":[{"embeddable":true,"href":"https:\/\/38ppp.de\/challenge\/wp-json\/wp\/v2\/users\/15"}],"replies":[{"embeddable":true,"href":"https:\/\/38ppp.de\/challenge\/wp-json\/wp\/v2\/comments?post=2"}],"version-history":[{"count":7,"href":"https:\/\/38ppp.de\/challenge\/wp-json\/wp\/v2\/pages\/2\/revisions"}],"predecessor-version":[{"id":137,"href":"https:\/\/38ppp.de\/challenge\/wp-json\/wp\/v2\/pages\/2\/revisions\/137"}],"wp:attachment":[{"href":"https:\/\/38ppp.de\/challenge\/wp-json\/wp\/v2\/media?parent=2"}],"curies":[{"name":"wp","href":"https:\/\/api.w.org\/{rel}","templated":true}]}}